{"id":251,"date":"2022-01-19T13:03:58","date_gmt":"2022-01-19T13:03:58","guid":{"rendered":"https:\/\/lloydpaulista.com.br\/?page_id=251"},"modified":"2024-07-02T00:17:55","modified_gmt":"2024-07-02T00:17:55","slug":"maritimos","status":"publish","type":"page","link":"https:\/\/lloydpaulista.com.br\/english\/maritimos\/","title":{"rendered":"MARINE INSURANCE"},"content":{"rendered":"<div data-elementor-type=\"wp-page\" data-elementor-id=\"251\" class=\"elementor elementor-251\" data-elementor-post-type=\"page\">\n\t\t\t\t\t\t<section class=\"elementor-section elementor-top-section elementor-element elementor-element-9071827 elementor-section-boxed elementor-section-height-default elementor-section-height-default\" data-id=\"9071827\" data-element_type=\"section\" data-e-type=\"section\" data-settings=\"{&quot;background_background&quot;:&quot;classic&quot;}\">\n\t\t\t\t\t\t<div class=\"elementor-container elementor-column-gap-default\">\n\t\t\t\t\t<div class=\"elementor-column elementor-col-100 elementor-top-column elementor-element elementor-element-1f052c2\" data-id=\"1f052c2\" data-element_type=\"column\" data-e-type=\"column\">\n\t\t\t<div class=\"elementor-widget-wrap elementor-element-populated\">\n\t\t\t\t\t\t<div class=\"elementor-element elementor-element-3e9410f elementor-widget elementor-widget-image\" data-id=\"3e9410f\" data-element_type=\"widget\" data-e-type=\"widget\" data-widget_type=\"image.default\">\n\t\t\t\t<div class=\"elementor-widget-container\">\n\t\t\t\t\t\t\t\t\t\t\t\t\t\t\t<img fetchpriority=\"high\" decoding=\"async\" width=\"1536\" height=\"571\" src=\"https:\/\/lloydpaulista.com.br\/wp-content\/uploads\/2022\/01\/maritimo-1536x571.png\" class=\"attachment-1536x1536 size-1536x1536 wp-image-323\" alt=\"\" srcset=\"https:\/\/lloydpaulista.com.br\/wp-content\/uploads\/2022\/01\/maritimo-1536x571.png 1536w, https:\/\/lloydpaulista.com.br\/wp-content\/uploads\/2022\/01\/maritimo-300x112.png 300w, https:\/\/lloydpaulista.com.br\/wp-content\/uploads\/2022\/01\/maritimo-1024x381.png 1024w, https:\/\/lloydpaulista.com.br\/wp-content\/uploads\/2022\/01\/maritimo-768x286.png 768w, https:\/\/lloydpaulista.com.br\/wp-content\/uploads\/2022\/01\/maritimo.png 1928w\" sizes=\"(max-width: 1536px) 100vw, 1536px\" \/>\t\t\t\t\t\t\t\t\t\t\t\t\t\t\t<\/div>\n\t\t\t\t<\/div>\n\t\t\t\t\t<\/div>\n\t\t<\/div>\n\t\t\t\t\t<\/div>\n\t\t<\/section>\n\t\t\t\t<section class=\"elementor-section elementor-top-section elementor-element elementor-element-f53712b elementor-section-boxed elementor-section-height-default elementor-section-height-default\" data-id=\"f53712b\" data-element_type=\"section\" data-e-type=\"section\" data-settings=\"{&quot;background_background&quot;:&quot;classic&quot;}\">\n\t\t\t\t\t\t<div class=\"elementor-container elementor-column-gap-default\">\n\t\t\t\t\t<div class=\"elementor-column elementor-col-50 elementor-top-column elementor-element elementor-element-7235fc1\" data-id=\"7235fc1\" data-element_type=\"column\" data-e-type=\"column\">\n\t\t\t<div class=\"elementor-widget-wrap elementor-element-populated\">\n\t\t\t\t\t\t<div class=\"elementor-element elementor-element-4d83cd5 elementor-widget elementor-widget-heading\" data-id=\"4d83cd5\" data-element_type=\"widget\" data-e-type=\"widget\" data-widget_type=\"heading.default\">\n\t\t\t\t<div class=\"elementor-widget-container\">\n\t\t\t\t\t<h2 class=\"elementor-heading-title elementor-size-default\">MARINE INSURANCE<\/h2>\t\t\t\t<\/div>\n\t\t\t\t<\/div>\n\t\t\t\t<div class=\"elementor-element elementor-element-859c7ed elementor-widget elementor-widget-text-editor\" data-id=\"859c7ed\" data-element_type=\"widget\" data-e-type=\"widget\" data-widget_type=\"text-editor.default\">\n\t\t\t\t<div class=\"elementor-widget-container\">\n\t\t\t\t\t\t\t\t\t<p><strong>Count on our expertise of more than 70 years of tradition, when it comes to contracting your insurance.<\/strong><\/p><p>Lloyd Paulista is one of the most traditional and well established Insurance Broking House in Brazil, specialized in marine insurance. With a focus on innovative solutions, we always strive to meet our clients\u00b4 expectations.<\/p><p><strong>TYPES OF VESSELS<\/strong><\/p><ul><li>Bulk Carriers<\/li><li>Chemical vessels<\/li><li>Offshore vessels (OSVS)<\/li><li>Tankers<\/li><li>Ro-Ro<\/li><li>Full Container<\/li><li>General Cargo<\/li><li>Tugs<\/li><li>Pusher Tug<\/li><li>Barges<\/li><li>Yachts<\/li><li>Sailboats<\/li><li>Speedboats<\/li><li>Among others<\/li><\/ul>\t\t\t\t\t\t\t\t<\/div>\n\t\t\t\t<\/div>\n\t\t\t\t\t<\/div>\n\t\t<\/div>\n\t\t\t\t<div class=\"elementor-column elementor-col-50 elementor-top-column elementor-element elementor-element-0466de7\" data-id=\"0466de7\" data-element_type=\"column\" data-e-type=\"column\">\n\t\t\t<div class=\"elementor-widget-wrap elementor-element-populated\">\n\t\t\t\t\t\t<div class=\"elementor-element elementor-element-f8efd24 elementor-widget elementor-widget-spacer\" data-id=\"f8efd24\" data-element_type=\"widget\" data-e-type=\"widget\" data-widget_type=\"spacer.default\">\n\t\t\t\t<div class=\"elementor-widget-container\">\n\t\t\t\t\t\t\t<div class=\"elementor-spacer\">\n\t\t\t<div class=\"elementor-spacer-inner\"><\/div>\n\t\t<\/div>\n\t\t\t\t\t\t<\/div>\n\t\t\t\t<\/div>\n\t\t\t\t<div class=\"elementor-element elementor-element-836166c elementor-widget elementor-widget-text-editor\" data-id=\"836166c\" data-element_type=\"widget\" data-e-type=\"widget\" data-widget_type=\"text-editor.default\">\n\t\t\t\t<div class=\"elementor-widget-container\">\n\t\t\t\t\t\t\t\t\t<p><strong>COVERAGES<\/strong><\/p><ul><li>Hull and Machinery<\/li><li>Increased value<\/li><li>Loss of Freight \/ Loss of Hire<\/li><li>War and strikes<\/li><li>P&amp;I: mutual or fixed premium<\/li><li>TCL<\/li><li>DTH<\/li><li>Bunkers<\/li><li>FDD<\/li><li>Strikes<\/li><li>Lay-up Port Risks<\/li><li>Ship Builder or Ship Repairer<\/li><li>Contractual General Liabilities<\/li><li>TDI \u2013 Trade Disruption Insurance<\/li><li>E outros seguros \u201cmarine-related\u201d, dentre os quais: Ship Brokers \/ Ship<br \/>Agents Liabilities, NVOCC, Freight Forwarders, Containers.<\/li><\/ul>\t\t\t\t\t\t\t\t<\/div>\n\t\t\t\t<\/div>\n\t\t\t\t<div class=\"elementor-element elementor-element-5d1c947 elementor-widget elementor-widget-spacer\" data-id=\"5d1c947\" data-element_type=\"widget\" data-e-type=\"widget\" data-widget_type=\"spacer.default\">\n\t\t\t\t<div class=\"elementor-widget-container\">\n\t\t\t\t\t\t\t<div class=\"elementor-spacer\">\n\t\t\t<div class=\"elementor-spacer-inner\"><\/div>\n\t\t<\/div>\n\t\t\t\t\t\t<\/div>\n\t\t\t\t<\/div>\n\t\t\t\t<div class=\"elementor-element elementor-element-88fcbe7 elementor-align-left elementor-widget elementor-widget-button\" data-id=\"88fcbe7\" data-element_type=\"widget\" data-e-type=\"widget\" data-widget_type=\"button.default\">\n\t\t\t\t<div class=\"elementor-widget-container\">\n\t\t\t\t\t\t\t\t\t<div class=\"elementor-button-wrapper\">\n\t\t\t\t\t<a class=\"elementor-button elementor-button-link elementor-size-sm\" href=\"\/english\/cotacao\/\">\n\t\t\t\t\t\t<span class=\"elementor-button-content-wrapper\">\n\t\t\t\t\t\t\t\t\t<span class=\"elementor-button-text\">REQUEST A QUOTE<\/span>\n\t\t\t\t\t<\/span>\n\t\t\t\t\t<\/a>\n\t\t\t\t<\/div>\n\t\t\t\t\t\t\t\t<\/div>\n\t\t\t\t<\/div>\n\t\t\t\t\t<\/div>\n\t\t<\/div>\n\t\t\t\t\t<\/div>\n\t\t<\/section>\n\t\t\t\t<\/div>","protected":false},"excerpt":{"rendered":"<p>MAR\u00cdTIMOS Conte com a nossa expertise e tradi\u00e7\u00e3o com mais de 70 anos, na hora de contratar o seu seguro. O Lloyd Paulista \u00e9 uma das mais tradicionais e experientes corretoras na \u00e1rea de seguros mar\u00edtimos. Com o foco em solu\u00e7\u00f5es inovadoras, buscamos sempre superar as expectativas dos nossos clientes TIPOS DE EMBARCA\u00c7\u00d5ES Graneleiros Qu\u00edmicos [&hellip;]<\/p>\n","protected":false},"author":1,"featured_media":0,"parent":0,"menu_order":0,"comment_status":"closed","ping_status":"closed","template":"","meta":{"footnotes":""},"class_list":["post-251","page","type-page","status-publish","hentry"],"_links":{"self":[{"href":"https:\/\/lloydpaulista.com.br\/english\/wp-json\/wp\/v2\/pages\/251","targetHints":{"allow":["GET"]}}],"collection":[{"href":"https:\/\/lloydpaulista.com.br\/english\/wp-json\/wp\/v2\/pages"}],"about":[{"href":"https:\/\/lloydpaulista.com.br\/english\/wp-json\/wp\/v2\/types\/page"}],"author":[{"embeddable":true,"href":"https:\/\/lloydpaulista.com.br\/english\/wp-json\/wp\/v2\/users\/1"}],"replies":[{"embeddable":true,"href":"https:\/\/lloydpaulista.com.br\/english\/wp-json\/wp\/v2\/comments?post=251"}],"version-history":[{"count":88,"href":"https:\/\/lloydpaulista.com.br\/english\/wp-json\/wp\/v2\/pages\/251\/revisions"}],"predecessor-version":[{"id":2409,"href":"https:\/\/lloydpaulista.com.br\/english\/wp-json\/wp\/v2\/pages\/251\/revisions\/2409"}],"wp:attachment":[{"href":"https:\/\/lloydpaulista.com.br\/english\/wp-json\/wp\/v2\/media?parent=251"}],"curies":[{"name":"wp","href":"https:\/\/api.w.org\/{rel}","templated":true}]}}